tors of i?
2, 7
Suppose -i + 140 = 4*g, 3*g + 56 = 4*g - 5*i. What are the prime factors of g?
2, 3
Let d(n) = n**3 - 20*n**2 - 42*n - 27. What are the prime factors of d(22)?
17
Suppose 0 = -4*x + 8, 3*u + 2*x + 5 = 12. Let j = u - -3. What are the prime factors of (12/(-9))/j*-27?
3
Suppose -2*h - 13 = -57. What are the prime factors of h?
2, 11
Let q = -3 + -6. Let a(v) = v + 11. Let u be a(q). Suppose -y = -u*y + 4. What are the prime factors of y?
2
Suppose 0 = -5*t - 2*i + 152 + 203, -i + 360 = 5*t. List the prime factors of t.
73
Suppose -3 = 2*d - 5. Let a(b) = -3*b - 11. Let w be a(-8). Let r = w - d. What are the prime factors of r?
2, 3
Let v = -84 - -156. List the prime factors of v.
2, 3
Suppose l + 24 = 2*l. Suppose 5*w - 7 = -3*i + 4, 0 = 4*i + 2*w - l. Suppose -i + 32 = 5*j. List the prime factors of j.
5
Let l = -23 - -99. What are the prime factors of l?
2, 19
Let k(t) = 22*t + 4 - 19*t + 3*t**2 - t**2. What are the prime factors of k(3)?
31
Suppose -24 = f + 47. Let q = 99 + f. List the prime factors of q.
2, 7
Suppose w + 45 = 2*f + 3, 5*f - 100 = 5*w. What are the prime factors of f?
2, 11
Suppose 3*k - 27 = d + 2*d, -3*k - 4*d + 6 = 0. Let x(v) = 4*v + 4. List the prime factors of x(k).
2, 7
Suppose v - 206 = -3*h, -2*v = -3*v + 4*h + 178. What are the prime factors of v?
2, 97
Let h(a) = a**3 - 6*a**2 + 7*a - 7. Let f be h(5). Suppose 0*q - q = 3*i - 3, f*i - 6 = -2*q. What are the prime factors of q?
3
Let u be 25 - (-2 + (-2 - -2)). Suppose 0 = -3*g - k - 39 - 8, g = 5*k - 5. Let m = g + u. What are the prime factors of m?
2, 3
Let z(q) = -6*q + 9. Let c be z(7). Let y = 48 + c. What are the prime factors of y?
3, 5
Let v = -5 + 8. Let d(b) = 2*b**3 - 2*b**2 + v*b**2 + 17*b**3 + 0*b - b. List the prime factors of d(1).
19
Let k be (-33)/(-4)*72/27. Let f = k - -3. What are the prime factors of f?
5
Suppose v - 3 - 3 = 0. Suppose -2*d + v = -d. Let z = d + -3. What are the prime factors of z?
3
Let t(i) = -i + 4. Let g be t(7). List the prime factors of -2*((-45)/(-6))/g.
5
Suppose -2*y - k + 64 = y, -5*k + 110 = 5*y. Suppose 3*g + 2*h - y = 0, 2*g = -2*h + 10 + 4. List the prime factors of g.
7
List the prime factors of -124*(9 - 2 - 4)/(-2).
2, 3, 31
Let o(l) = l**2 - 4*l + 7. What are the prime factors of o(5)?
2, 3
Suppose i + 399 = 5*y, 4*y = -3*i - 78 + 401. What are the prime factors of y?
2, 5
Suppose -2*m = 5*d - 76, d + 3*d = -3*m + 65. List the prime factors of (-3 + 78/d)*7.
2, 3
Let v be 16 + 0/(-3) + -1. Let b = v - 13. What are the prime factors of b?
2
Suppose 3*z + 3 = -0*d + 3*d, -5*d + 2 = -2*z. Suppose 2*p + d*p = 5*r - 35, p - 35 = -5*r. Suppose -r = -3*s + 20. What are the prime factors of s?
3
Let w = -65 + 131. What are the prime factors of w?
2, 3, 11
Let i(o) = 11*o + 6. Let c(b) = -2*b + 3. Let v be c(6). Let q(j) = -5*j - 3. Let p(u) = v*q(u) - 4*i(u). What are the prime factors of p(3)?
2, 3
List the prime factors of 724/26 - (-4)/156*6.
2, 7
Suppose 0 = -7*m + 11*m. Suppose -4*l = -4*u + 164, 7*u - 3*u - 5*l - 166 = m. List the prime factors of u.
3, 13
Suppose 0*o + 130 = 2*o. What are the prime factors of o?
5, 13
List the prime factors of (-2961)/(-18) + 5/(-2).
2, 3
Suppose 0 = 3*m + 5*t + 27, 27 - 11 = -2*m - 4*t. Suppose 0 = -5*y + 2*y - 21. Let c = y - m. List the prime factors of c.
7
Let t = 4 - 0. Suppose -2*b = -0 - t. Suppose -2*s + 1 + 9 = b*r, 30 = 5*s + 4*r. What are the prime factors of s?
2, 5
Let h(f) be the first derivative of -f**4/12 - f**3 + 2*f**2 + 2*f + 1. Let i(m) be the first derivative of h(m). What are the prime factors of i(-6)?
2
Let u = 38 + -19. What are the prime factors of u?
19
Suppose 0*q - 27 = -5*q + 2*o, 5*o - 48 = -4*q. Let f = -12 - q. Let w = f - -29. List the prime factors of w.
2, 5
Suppose -2*w + 5*w = -21. Let r = w + 11. What are the prime factors of (18/4)/(2/r)?
3
Let s(k) = -5*k + 5. Let r be s(6). Let g = 45 + r. Suppose t + g = 3*t. What are the prime factors of t?
2, 5
Let u(f) = -2*f**2 - 9*f + 10. Let i be u(-7). Let x = 13 + i. Let m = -3 - x. List the prime factors of m.
3
Let p(w) = -w - 1. Let d be p(-4). Let y(r) = 3*r**2 + 3*r + 4. What are the prime factors of y(d)?
2, 5
Let l(d) = -d + 8. Let f be l(0). Suppose -f = 2*g - 52. What are the prime factors of g?
2, 11
Suppose 2*g = k + 110, -2*k - 2*k - 41 = -g. List the prime factors of g.
3, 19
Let p = -185 - -455. List the prime factors of p.
2, 3, 5
Let g be -5 + 9 - (0 + 0). Suppose -6 = g*t - 18. List the prime factors of (2 + t)*22/5.
2, 11
Suppose -3*o + 9 = -6*o. List the prime factors of (-3)/(-1*o/(-21)).
3, 7
Suppose 3*m = 109 - 25. Let z = -7 + m. Let c = -11 + z. List the prime factors of c.
2, 5
Let w = -18 + 77. List the prime factors of w.
59
Let j = -590 - -852. What are the prime factors of j?
2, 131
Suppose 5*k = -2*m + 42, 5*k - 53 = -3*m - 0*m. What are the prime factors of m?
11
Suppose 3*o - 2*o - 3 = 0. Suppose -45 = -o*w - 2*w. What are the prime factors of w?
3
Let x = 170 + -65. List the prime factors of x.
3, 5, 7
Let z(u) = -u**2 - 9*u + 2. Let y be (8/10)/((-7)/(-35)). Suppose 4*r + 26 = -2*x - 0*x, -36 = y*x + 4*r. List the prime factors of z(x).
2, 11
Let o = -5 - -10. Let x(p) = 0 + 0*p - o + 0*p + p. List the prime factors of x(7).
2
Let b = -2 - -1. Let p be (-17 + b)*1/(-2). List the prime factors of 70/p + (-4)/(-18).
2
Suppose -5*q + 3*u = 2*u + 76, -3*q = -4*u + 32. Let r be q/5 - 4/(-20). What are the prime factors of r*(-4)/((-12)/(-9))?
3
Let x(m) = 13*m**2 - 10*m + 15. List the prime factors of x(4).
3, 61
Let q(r) = -2*r - 8. Let p be q(-8). Let h = -5 + p. Suppose 0*l = l - h. List the prime factors of l.
3
Let d = -9 + 71. List the prime factors of d.
2, 31
What are the prime factors of (884/51)/(0 - (-2)/12)?
2, 13
Let q be ((-2)/(-1))/(-4)*-4. Suppose q*j + 24 = -j. Let d = -2 - j. List the prime factors of d.
2, 3
Let b = 16 + 17. List the prime factors of b.
3, 11
Let v be ((-35)/(-25))/(2/10). Let q(s) = s**2 - 4*s - 10. Let w be q(v). Suppose -4*g + w = -3*r - 25, g = 5*r - 8. List the prime factors of g.
2, 3
Let w(o) = 3*o. Let j be w(1). Suppose -j*d - 2*d = -75. Suppose -2*z - 3*z = -d. List the prime factors of z.
3
Let l(j) be the third derivative of j**5/60 - j**4/24 + j**3/6 - 4*j**2. What are the prime factors of l(2)?
3
Let c(t) = -8*t + 1. Let u(b) = 5*b - 1. Let j(g) = -g**2 + 6*g + 5. Let i be j(6). Let k(q) = i*c(q) + 7*u(q). List the prime factors of k(-3).
13
What are the prime factors of ((-6)/(-4))/(3/6)?
3
Suppose -11 = -5*h - 1. Suppose u - 29 = -3*w, -w + 25 = 2*w + h*u. What are the prime factors of w?
11
Suppose z + 4*z = 90. List the prime factors of 9/z + (-14)/(-4).
2
List the prime factors of (1 - (-4)/(-6))*3 - -123.
2, 31
Suppose r - 4 = 4. Suppose -r*n = -4*n + 12. What are the prime factors of (n - -5) + -2 - -7?
7
What are the prime factors of 108/14*14/3?
2, 3
Suppose -3*d - 4*h = -6*h - 8, d - 2*h = 8. Let z = -2 + d. What are the prime factors of -1*(-3 + z*1)?
5
Suppose 0*u = -2*u - 12. Let g(a) = -a**2 - 7*a + 3. Let y(x) = -x**2 - 7*x + 4. Let p(z) = 5*g(z) - 4*y(z). List the prime factors of p(u).
5
Suppose -2*f + f - 4 = 2*u, -f = u + 4. Suppose m = 3*m + 6, u = 2*r + m - 21. List the prime factors of r.
2, 3
Let d = 2 + -16. Let m be 2/3 - d/6. Suppose -x + 40 = 5*v, 2*v + 4*x - m - 13 = 0. List the prime factors of v.
2
Suppose -211 = -2*t + 3*s, 5*s + 7 = t - 88. What are the prime factors of t?
2, 5, 11
Let b = 136 + -65. List the prime factors of b.
71
Let t be (-1)/((-6)/4 + 1). Let v be t*(-2)/(-4)*2. List the prime factors of 5 - (2 - (v + 1)).
2, 3
What are the prime factors of 774/22 + (-8)/44?
5, 7
Let g(i) = -21*i - 4. Let b be g(3). Let k = -39 - b. What are the prime factors of k?
2, 7
Let b(m) = -2*m - 9. Suppose -z = 3*z + 28. Let g be b(z). Suppose 0 = g*i, 2*i + 24 = -0*j + 3*j. What are the prime factors of j?
2
Let a(c) = c**3 - 5*c**2 + 6*c + 2. What are the prime factors of a(5)?
2
Suppose 4*a - 11 = 5. Suppose -5*n + a = -3*n. Suppose i + 5*g = 32, 0 = -n*i + 2*g + 14 + 2. What are the prime factors of i?
2, 3
Let y(d) = d. Let t be y(-2). Let q(g) = 3*g + g + 3*g**3 - 5*g**3 + 3 - 2*g - g**2. What are the prime factors of q(t)?
11
Let j = 9 + 1. What are the pri